g be -2*7 + (1 - (10 + -6)). Let p(r) = g*b(r) + 6*x(r). Let h(k) = 3*k - 2. Let z be h(-1). Determine p(z).
-8
Let m(h) = -730 + 2919 + 6*h - 734 - 731 - 728. Determine m(-2).
-16
Suppose -34*j + 2*a - 36 = -32*j, 4*a + 28 = -j. Let t(m) = 4*m + 76. What is t(j)?
-4
Let p(d) = d - 14. Let y(r) = -10*r - 42. Suppose 0 = 116*u - 118*u - 10. Let f be y(u). Give p(f).
-6
Let p(o) = 4*o**2 - 12*o - 8. Let x(k) = -5*k**2 + 14*k + 10. Let y(c) = 6*p(c) + 5*x(c). Let z = 354 + -358. What is y(z)?
-6
Let w(u) be the first derivative of 1/3*u**3 + 207 - 2*u + 0*u**2. What is w(-4)?
14
Let h(a) be the second derivative of -a**4/8 + 7*a**3/2 - 293*a**2/2 + 25*a - 3. Let w(p) be the first derivative of h(p). Calculate w(9).
-6
Let p = -7135 + 7136. Let h(k) = -136*k + 2. Give h(p).
-134
Let w(v) be the first derivative of v**4/4 - 10*v**3/3 + 5*v**2 - 21*v - 2580. Determine w(9).
-12
Let x(p) be the third derivative of -p**4/4 + p**3 - 705*p**2. Determine x(-3).
24
Let s(y) = -y**2 - 13*y - 6. Let b be (-687)/(0 - (-7)/7). Let l = b + 678. Determine s(l).
30
Let n(t) = -3*t**2 - 37*t + 45. Let f(m) = 2*m**2 + 20*m - 23. Let i(d) = 5*f(d) + 3*n(d). What is i(9)?
2
Let h(t) = 3*t + 1. Suppose 2*q = 60 - 46, -13 = -3*s + 2*q. Calculate h(s).
28
Let o(y) = -5*y - 4. Suppose 2*s + 1 = -9. Let c(q) = -q**3 - 5*q**2 - 3*q - 10. Let i be c(s). Suppose 5 = -4*b + 5*f - 12, -i*b - 14 = f. Determine o(b).
11
Suppose -2*x = -2*w + 14, 2*w + 4*x + 2 = 10. Let l = 191 + -188. Let d(g) = -7*g - 4 + 0 + 18*g**3 - 34*g**l + 15*g**3 + 7*g**2. Calculate d(w).
-10
Let m(t) = t**3 + t**2 + 1. Let r = 123 - 114. Suppose r*i = 6*i. Let d be i - ((-8)/(-28) - (-36)/21). Calculate m(d).
-3
Let p(m) be the second derivative of -3*m**5/10 + m**3/6 + m**2/2 + 3098*m. What is p(-2)?
47
Suppose 0 = 4*z - 9*z + 45. Let a(x) = -3*x**2 + 2*x**2 + 2*x**2 + z*x. Suppose 573 = -91*b - 246. Determine a(b).
0
Let g(a) = -60*a**2 - 56*a**2 + 110*a**2 - 48 + a**3 + 51 + 3*a. Calculate g(3).
-15
Let a be (-1 - 24/(-8)) + 5. Let b(w) be the second derivative of -w**5/20 + 7*w**4/12 - w**3/2 + 7*w**2/2 + 12*w. What is b(a)?
-14
Let b(s) = 5*s + 16 + s + 9*s - 19*s**2 + s + 17*s**2. What is b(9)?
-2
Suppose 5141*v = 5148*v - 28. Let l(n) = -6*n + 24. Calculate l(v).
0
Let d(j) be the first derivative of j**4/12 - j**3 + 3*j**2/2 + 23*j + 60. Let b(x) be the first derivative of d(x). Give b(5).
-2
Let d = -133 + 138. Suppose -3*k = -5*q + d, -5 = q - 3*k + 6. Let h(o) = q*o - 5*o - 13 + 3*o + 23. What is h(-7)?
-4
Suppose -2*d - 36 = -5*b - 7, b = -5*d - 5. Let z(w) = -4*w + 4 - w**3 - w + w + b*w + 6*w**2. Determine z(6).
10
Let s(f) = -3*f + 0*f + 12 - 12 + 0*f. Let y(j) = j + 2. Let h be y(1). Suppose -b + 12 = h*b. What is s(b)?
-9
Suppose 0*y + 20 = -4*y. Let d(p) = -p - 11. Let z(t) = -135*t - 139*t + 275*t + 12. Let c(w) = -6*d(w) - 5*z(w). Calculate c(y).
1
Let r be 28/(-15) - (14 + (-208)/15). Let y(g) = -15*g - 7. Give y(r).
23
Let k(d) = -7*d**2 + 259*d + 15. Let o be 3/((-6)/4) - (-29)/(29/39). Give k(o).
15
Let a(c) = 4*c + 6. Let b be a(-3). Let n(q) = -q**3 - 7*q**2 - 10*q - 22. Let j be n(-6). Let g(r) = 0*r**2 - 66*r + 72*r + r**2 - j. Calculate g(b).
-2
Let w(u) = 2*u**3 - 10*u**2 - 2*u + 12. Let d be w(5). Let q(l) = 0*l**2 + d*l**2 - l**2 + 0*l**2 - 7*l**2 + l + 4 - l**3. Give q(-6).
-2
Let u = 1135 - 1104. Let p(y) = -y**3 + 30*y**2 + 29*y + 75. Calculate p(u).
13
Let y(h) = 108*h**3 + 32 - 28*h - 30*h**2 - 121 + 129*h**3 - 236*h**3. What is y(31)?
4
Let c(i) = -i**3 - 8*i**2 + 14*i + 12. Let z be (-2*15/(-18))/((-348)/2088). Give c(z).
72
Let i = 56 + -50. Suppose 2*b - 6 = 2*v, i*b - 15 = b - 3*v. Let s(a) = 4*a**2 - 4*a + b*a - a**2 - a + 1 - a**3. Determine s(3).
-5
Let b(n) = -5*n - 21. Let o(h) = 88*h + 373. Let m(i) = -35*b(i) - 2*o(i). Determine m(-7).
-4
Let o(n) be the second derivative of n**3/2 - n**2/2 - 534*n. Determine o(4).
11
Let l(x) = -x**3 - 278*x**2 + 240*x**2 + 180 - 3*x + 96*x**2. Determine l(58).
6
Let g(q) = -q**3 - 2*q**2 - 3*q - 6. Let z(n) = n**3 - 13*n + 29*n + 3*n**2 - 13*n + 7. Let a(j) = 6*g(j) + 5*z(j). Determine a(3).
-10
Suppose -45*t + 8 = 233. Let y(q) = 4*q**2 - 5*q + 10. Calculate y(t).
135
Let r(t) be the second derivative of -t**5/20 + t**4/2 + 2*t**3/3 + 9*t**2/2 - 14*t. Let d(b) = -b**2 - 107*b - 1733. Let w be d(-87). Give r(w).
-12
Let d(j) = 0*j - 69 + 68 + 3*j. Let u(q) = -7*q - 5. Let p(z) = -2*d(z) - u(z). Determine p(0).
7
Let m be 2*2/(-4)*-3. Let y = 3 - m. Let x(q) = -29 - q**2 + 117 - 39 - 39. Determine x(y).
10
Suppose 45 - 65 = 15*s + 25. Let q(n) = -3*n - 19. Give q(s).
-10
Suppose 2*o - 3*b - 3 = 0, 0 = -7*o + 11*o - 5*b - 5. Let s(i) be the first derivative of 1/2*i**2 + 22*i + 5. What is s(o)?
22
Suppose -2*f + 24 = v, -5*f + 2*f = -3*v + 54. Suppose 5*o = -15 - v. Let c(d) = -d**2 - 9*d - 15. Give c(o).
-1
Let d(u) = -u**3 + 13*u**2 + 13*u + 10. Suppose 0 = -25*l - 761 + 1111. What is d(l)?
-4
Let j(k) = -k**3 - 5*k**2 - 3*k + 4. Suppose 61*t - 23*t - 76 = 0. Let g be 5 + t + (-21 - -9). What is j(g)?
19
Let g(v) = -v**2 + 12. Suppose -f + 10 = 2*p, 3*p + 2*f - 10 = 4. Give g(p).
-24
Suppose -14 = -4*f - 3*w - 2*w, -15 = -5*f - 5*w. Let s(l) = l. Let d(z) = -5*z - 4. Let o(h) = f*d(h) + 3*s(h). Calculate o(-4).
4
Suppose 0 = -3*i + x - 24 + 142, 156 = 4*i - 2*x. Suppose -46 = -2*y - i. Let r(q) = q**3 + 0 - 1 + 0*q**y. Determine r(1).
0
Let u(c) = -3*c**2 - 4*c - 3. Let s be (0 + 1)/(3/(-6)). Let o be u(s). Let q(a) be the third derivative of a**4/24 + 5*a**3/3 - 12*a**2. Give q(o).
3
Let b(i) = -8*i - 46. Let v(k) = -45*k - 276. Let w(n) = -17*b(n) + 3*v(n). Give w(0).
-46
Let q(u) = -36*u - 570. Let w(x) = -938*x + 5612. Let h be w(6). Give q(h).
6
Suppose -104 - 148 = 42*g. Let s(f) = -f**2 - 4*f + 14. What is s(g)?
2
Let b(w) = w**3 - 5*w**2 + 2*w + 3. Let p(m) = -m**3 + 4*m**2 - 2*m - 2. Let j(k) = 2*b(k) + 3*p(k). What is j(2)?
-4
Let r(m) = -m**2 + 4*m - 4. Suppose 0 = -36*o + 381 - 129. Calculate r(o).
-25
Let t(f) = 17*f - 34. Let r(v) = -5*v + 11. Let u(w) = -7*r(w) - 2*t(w). Let m be u(11). Let p(y) = 0*y**2 + y + y**3 + 3*y**m + y**2 + 3*y**2. What is p(-7)?
-7
Let p(o) = 22*o**2 - 1157 - 5*o + 2337 - 1163 - 19*o**2. Calculate p(4).
45
Let d be (-36)/(-44) - 34/(-187). Let r(u) = -16*u**3 + u**2 - u - 1. What is r(d)?
-17
Let c(y) = 4*y**3 + 11*y**2 - 25*y - 17. Let w be c(-4). Let h(n) = -2*n**2 + 2*n + 10. Calculate h(w).
-2
Suppose 0 = 5*n - 2*t + 135, 0*t = 4*t. Suppose -w - j = 4*w - 5, -3*w - 4*j + 3 = 0. Let h be (n/(-6) + -3)/(w/2). Let y(d) = -d**2 + 6*d + 1. Calculate y(h).
10
Let y(i) = -3*i**2 + 73*i - 9. Let v(l) = 11*l**2 - 222*l + 26. Let h(a) = -4*v(a) - 11*y(a). What is h(8)?
-29
Let f(p) = 119*p + 29. Let i(o) = 40*o. Let q(j) = -f(j) + 3*i(j). What is q(28)?
-1
Suppose 5*s = 2*t + 41 - 67, 5*t - 15 = 0. Let k(j) = 3*j**2 - 2*j - 8. Calculate k(s).
48
Let f(v) = -v**2 + 29*v + 215. Let o be f(35). Suppose -8*p + 6 = -o*p. Let x(j) = -7*j + 4. What is x(p)?
-10
Let a(o) = o**3 + 20*o**2 - 19*o + 43. Suppose 3*r = y + 36, 90 = -5*y - 801*r + 798*r. Give a(y).
1
Let w be (-15)/(-9) - (-2)/6. Let b(x) = 0*x - w*x - 2 + 3*x. Suppose 7*g = 8*g + 3*n + 27, -18 = 4*g + 2*n. Determine b(g).
-2
Let h(g) = -3*g**3 + 2*g**2 + g - 1. Let a(y) = -16*y**3 - 4*y**2 + 14*y + 42. Let p(j) = a(j) - 6*h(j). Calculate p(7).
6
Let z(k) = -37*k**3 + 30*k**2 - 10*k - 8. Let r(y) = -17*y**3 + 15*y**2 - 5*y - 4. Let m(d) = 11*r(d) - 5*z(d). Determine m(7).
10
Let q(g) = 3*g**2 - 1. Let j = 13 + -12. Let x be -8*j/(-2) + -4. Let b be x/14 + -3 + 1. What is q(b)?
11
Let s(l) = l**2 - 5*l - 9. Suppose 29*f - 1076 = -844. Determine s(f).
15
Suppose 0*o + 58 = 4*o + 26. Let d(j) be the first derivative of j**2 + 1/4*j**4 + j - o + 2/3*j**3. Give d(-2).
-3
Suppose -q + 14 = -4*a, 4*q + 37 + 12 = -5*a. Let o(t) be the third derivative of t**4/24 - 5*t**3/6 - 583*t**2. Give o(q).
-11
Let s(l) = 15*l**2 + 22*l**2 - 19 - 28*l**2 - 10*l + 22 - l**3 - 14. What is s(8)?
-27
Suppose 2*c + 3*n = 109 + 26, -5*c - 5*n + 325 = 0. Suppose -21*h = -h - c. Let t(x) be the second derivative of -x**4/12 + x**3/3 + x**2 - 3*x. Give t(h).
-1
Let c(r) = -r - 2. Let y(m) = 11*m - 127. Let u be y(7). Let t = -45 - u. Calculate c(t).
-7
L